
True
Is 13702 a multiple of 31?
True
Is 8 a factor of 361?
False
Is 2044 a multiple of 17?
False
Does 87 divide 3283?
False
Is 92 a factor of 12880?
True
Is 151 a factor of 23986?
False
Does 20 divide 20740?
True
Is 166 a factor of 9098?
False
Does 172 divide 1720?
True
Is 10165 a multiple of 95?
True
Is 46 a factor of 9936?
True
Is 83376 a multiple of 16?
True
Does 11 divide 6248?
True
Is 13713 a multiple of 280?
False
Is 6272 a multiple of 16?
True
Is 319 a multiple of 11?
True
Does 25 divide 825?
True
Is 21 a factor of 13133?
False
Is 22 a multiple of 3?
False
Is 20 a factor of 19193?
False
Is 936 a multiple of 104?
True
Does 3 divide 7655?
False
Is 2 a factor of 5268?
True
Is 195 a factor of 14257?
False
Does 22 divide 5368?
True
Is 5978 a multiple of 98?
True
Is 50 a factor of 4868?
False
Is 17 a factor of 3054?
False
Does 9 divide 1827?
True
Is 6221 a multiple of 2?
False
Is 15 a factor of 2220?
True
Is 12 a factor of 1332?
True
Is 536 a multiple of 8?
True
Does 120 divide 3112?
False
Is 492 a multiple of 82?
True
Does 196 divide 29790?
False
Does 110 divide 57787?
False
Is 34 a factor of 399?
False
Is 143 a factor of 14443?
True
Is 1764 a multiple of 10?
False
Is 332 a multiple of 4?
True
Is 39 a factor of 33930?
True
Is 911 a multiple of 7?
False
Does 31 divide 13640?
True
Is 19 a factor of 4467?
False
Is 4250 a multiple of 25?
True
Does 5 divide 7044?
False
Does 14 divide 434?
True
Is 52849 a multiple of 102?
False
Is 3073 a multiple of 20?
False
Is 632 a multiple of 29?
False
Is 3 a factor of 312?
True
Does 47 divide 13489?
True
Is 8 a factor of 392?
True
Does 36 divide 1625?
False
Is 26 a factor of 1509?
False
Does 5 divide 563?
False
Does 99 divide 7515?
False
Is 270 a multiple of 9?
True
Is 455 a multiple of 20?
False
Does 248 divide 15624?
True
Does 11 divide 9032?
False
Does 19 divide 433?
False
Is 22 a factor of 104?
False
Is 185 a factor of 14188?
False
Is 60 a factor of 2640?
True
Is 69423 a multiple of 19?
False
Is 45510 a multiple of 158?
False
Does 65 divide 1560?
True
Does 51 divide 2660?
False
Is 2556 a multiple of 12?
True
Is 39075 a multiple of 15?
True
Is 1368 a multiple of 38?
True
Does 65 divide 1105?
True
Is 3048 a multiple of 10?
False
Is 31 a factor of 2308?
False
Is 7323 a multiple of 26?
False
Is 18 a factor of 577?
False
Is 2515 a multiple of 67?
False
Does 89 divide 1758?
False
Is 19 a factor of 269?
False
Is 47178 a multiple of 49?
False
Is 16 a factor of 992?
True
Is 5 a factor of 15181?
False
Is 82 a factor of 2631?
False
Is 175 a multiple of 3?
False
Is 46 a factor of 4646?
True
Is 58 a factor of 15660?
True
Is 54 a factor of 1620?
True
Is 197 a factor of 8003?
False
Is 33317 a multiple of 4?
False
Is 2382 a multiple of 9?
False
Is 16302 a multiple of 26?
True
Does 71 divide 9937?
False
Is 68139 a multiple of 15?
False
Is 13 a factor of 18408?
True
Is 5216 a multiple of 19?
False
Does 24 divide 1181?
False
Is 3 a factor of 159?
True
Is 27 a factor of 3942?
True
Is 118 a multiple of 59?
True
Does 120 divide 4405?
False
Is 46 a factor of 73600?
True
Is 274 a factor of 41374?
True
Is 8608 a multiple of 32?
True
Is 2 a factor of 9?
False
Is 2 a factor of 1786?
True
Does 48 divide 42404?
False
Does 4 divide 11816?
True
Does 96 divide 16780?
False
Is 2466 a multiple of 4?
False
Is 1553 a multiple of 271?
False
Does 12 divide 19704?
True
Is 16 a factor of 3648?
True
Is 3 a factor of 5457?
True
Does 3 divide 2337?
True
Does 20 divide 840?
True
Is 134 a factor of 4556?
True
Is 39 a factor of 6338?
False
Does 16 divide 952?
False
Is 87 a factor of 2697?
True
Is 14 a factor of 119?
False
Is 5 a factor of 1455?
True
Is 62424 a multiple of 68?
True
Does 11 divide 1696?
False
Is 50 a factor of 3050?
True
Does 33 divide 1122?
True
Is 1169 a multiple of 44?
False
Does 24 divide 3061?
False
Is 55 a factor of 4070?
True
Is 100 a factor of 48970?
False
Is 3317 a multiple of 31?
True
Is 11 a factor of 853?
False
Is 492 a multiple of 6?
True
Does 18 divide 1564?
False
Does 137 divide 13152?
True
Is 19032 a multiple of 52?
True
Is 14 a factor of 560?
True
Is 4 a factor of 16979?
False
Is 31 a factor of 2511?
True
Does 43 divide 20898?
True
Is 3268 a multiple of 49?
False
Is 9 a factor of 87017?
False
Is 129404 a multiple of 34?
True
Is 163 a factor of 24450?
True
Is 3442 a multiple of 85?
False
Is 58 a factor of 46226?
True
Is 6319 a multiple of 63?
False
Is 2977 a multiple of 13?
True
Is 4 a factor of 8404?
True
Does 34 divide 17340?
True
Is 25 a factor of 175?
True
Is 11 a factor of 8399?
False
Is 57 a factor of 570?
True
Does 13 divide 503?
False
Does 61 divide 686?
False
Is 72 a factor of 9742?
False
Is 403 a factor of 21593?
False
Does 10 divide 1620?
True
Does 2 divide 20961?
False
Is 26 a factor of 40?
False
Does 16 divide 3376?
True
Is 8602 a multiple of 17?
True
Is 24 a factor of 23664?
True
Is 101 a factor of 5353?
True
Does 14 divide 339?
False
Is 8 a factor of 353?
False
Is 148 a factor of 11011?
False
Does 36 divide 324?
True
Is 4533 a multiple of 36?
False
Does 34 divide 16291?
False
Is 291 a multiple of 23?
False
Does 24 divide 1966?
False
Does 85 divide 3315?
True
Is 3 a factor of 660?
True
Does 41 divide 1177?
False
Is 4 a factor of 558?
False
Does 6 divide 924?
True
Is 49 a factor of 700?
False
Does 30 divide 6375?
False
Does 205 divide 32185?
True
Is 7986 a multiple of 33?
True
Does 16 divide 204?
False
Is 7421 a multiple of 181?
True
Is 35 a factor of 2660?
True
Does 4 divide 760?
True
Is 21 a factor of 2182?
False
Is 10 a factor of 7217?
False
Does 34 divide 27302?
True
Does 15 divide 2091?
False
Is 8 a factor of 158?
False
Is 95328 a multiple of 144?
True
Is 28 a factor of 33195?
False
Does 67 divide 1876?
True
Does 19 divide 99503?
True
Is 26 a factor of 806?
True
Is 1569 a multiple of 53?
False
Does 32 divide 480?
True
Is 2 a factor of 82?
True
Is 26 a factor of 260?
True
Does 20 divide 1389?
False
Is 23 a factor of 1656?
True
Does 219 divide 45771?
True
Is 964 a multiple of 5?
False
Is 40016 a multiple of 82?
True
Does 179 divide 21480?
True
Is 10 a factor of 59828?
False
Does 36 divide 7412?
False
Does 95 divide 24320?
True
Is 2679 a multiple of 19?
True
Is 60 a factor of 14971?
False
Is 3102 a multiple of 33?
True
Is 330 a multiple of 6?
True
Is 24 a factor of 4585?
False
Is 17 a factor of 1088?
True
Is 26 a factor of 5730?
False
Does 15 divide 4793?
False
Is 1106 a multiple of 38?
False
Is 15 a factor of 240?
True
Is 22 a factor of 819?
False
Is 2049 a multiple of 21?
False
Is 17 a factor of 4637?
False
Is 239 a multiple of 3?
False
Does 35 divide 846?
False
Is 15 a factor of 61842?
False
Is 41 a factor of 6724?
True
Does 13 divide 57967?
True
Does 62 divide 4340?
True
Does 41 divide 12054?
True
Is 17532 a multiple of 18?
True
Is 603 a multiple of 14?
False
Is 9 a factor of 14958?
True
Is 1456 a multiple of 104?
True
Does 21 divide 3005?
False
Does 11 divide 12573?
True
Is 79 a multiple of 5?
False
Is 60 a factor of 5340?
True
Is 16862 a multiple of 133?
False
Does 144 divide 86112?
True
Is 17 a factor of 395?
False
Is 131 a factor of 1703?
True
Does 18 divide 22086?
True
Is 6958 a multiple of 36?
False
Does 28 divide 756?
True
Is 129 a factor of 17727?
False
Is 29 a factor of 20938?
True
Is 51 a factor of 612?
True
Is 88 a factor of 4754?
False
Is 86 a factor of 869?
False
Is 88 a factor of 8611?
False
Does 54 divide 2160?
True
Is 60 a multiple of 30?
True
Does 46 divide 879?
False
Does 54 divide 21060?
True
Is 4 a factor of 103?
False
Is 116 a multiple of 10?
False
Does 43 divide 2528?
False
Is 4976 a multiple of 16?
True
Is 406 a multiple of 58?
True
Is 65156 a multiple of 26?
True
Is 183 a factor of 8784?
True
Is 5243 a multiple of 14?
False
Does 22 divide 478?
False
Does 13 divide 1170?
True
Does 29 divide 239?
False
Is 10 a factor of 3170?
True
Is 528 a multiple of 24?
True
Does 8 divide 284?
False
Is 3569 a multiple of 157?
False
Does 11 divide 28?
False
Does 6 divide 624?
True
Does 22 divide 90?
False
Is 221 a multiple of 6?
False
Does 2 divide 6648?
True
Is 5 a factor of 615?
True
Is 70 a multiple of 64?
False
Is 490 a multiple of 10?
True
Does 4 divide 24770?
False
Is 2717 a multiple of 21?
False
Is 811 a multiple of 19?
False
Does 24 divide 240?
True
Is 51 a factor of 2785?
False
Is